{"id":1743,"date":"2019-10-22T09:09:37","date_gmt":"2019-10-22T07:09:37","guid":{"rendered":"http:\/\/www.cites-castors.com\/?page_id=1743"},"modified":"2019-10-28T07:22:46","modified_gmt":"2019-10-28T06:22:46","slug":"boutique","status":"publish","type":"page","link":"https:\/\/www.cites-castors.com\/?page_id=1743","title":{"rendered":"Boutique"},"content":{"rendered":"<p style=\"text-align: justify;\"><strong><span style=\"color: #800000;\">Vous pouvez acqu\u00e9rir sur ce site quelques-uns des ouvrages traitant de \u00ab\u00a0l&rsquo;aventure Castor\u00a0\u00bb, que vous pouvez r\u00e9gler par carte bancaire en toute s\u00e9curit\u00e9 gr\u00e2ce \u00e0 la plateforme alternative HelloAsso.<br \/>\nCette structure d\u00e9di\u00e9e aux associations offre des services totalement gratuits pour celles-ci. Vous pouvez soutenir leur action en laissant, ou pas, un \u00ab\u00a0pourboire\u00a0\u00bb lors de vos achats.<\/span><\/strong><\/p>\n<p style=\"text-align: justify;\"><strong><span style=\"color: #800000;\">Portez la somme due (prix de l&rsquo;ouvrage + frais de port 3.50\u20ac) en cliquant sur le lien HelloAsso ci-dessous, la commande sera exp\u00e9di\u00e9e \u00e0 r\u00e9ception de votre avis de paiement.<\/span><\/strong><\/p>\n<p style=\"text-align: justify;\"><strong><span style=\"color: #800000;\">Cliquer sur l&rsquo;image pour voir la pr\u00e9sentation de l&rsquo;ouvrage.<\/span><\/strong><\/p>\n","protected":false},"excerpt":{"rendered":"<p>Vous pouvez acqu\u00e9rir sur ce site quelques-uns des ouvrages traitant de \u00ab\u00a0l&rsquo;aventure Castor\u00a0\u00bb, que vous pouvez r\u00e9gler par carte bancaire en toute s\u00e9curit\u00e9 gr\u00e2ce \u00e0 la plateforme alternative HelloAsso. Cette structure d\u00e9di\u00e9e aux associations offre des services totalement gratuits pour celles-ci. Vous pouvez soutenir leur action en laissant, ou pas, un \u00ab\u00a0pourboire\u00a0\u00bb lors de vos [&hellip;]<\/p>\n","protected":false},"author":1,"featured_media":0,"parent":0,"menu_order":0,"comment_status":"closed","ping_status":"closed","template":"","meta":[],"_links":{"self":[{"href":"https:\/\/www.cites-castors.com\/index.php?rest_route=\/wp\/v2\/pages\/1743"}],"collection":[{"href":"https:\/\/www.cites-castors.com\/index.php?rest_route=\/wp\/v2\/pages"}],"about":[{"href":"https:\/\/www.cites-castors.com\/index.php?rest_route=\/wp\/v2\/types\/page"}],"author":[{"embeddable":true,"href":"https:\/\/www.cites-castors.com\/index.php?rest_route=\/wp\/v2\/users\/1"}],"replies":[{"embeddable":true,"href":"https:\/\/www.cites-castors.com\/index.php?rest_route=%2Fwp%2Fv2%2Fcomments&post=1743"}],"version-history":[{"count":15,"href":"https:\/\/www.cites-castors.com\/index.php?rest_route=\/wp\/v2\/pages\/1743\/revisions"}],"predecessor-version":[{"id":1978,"href":"https:\/\/www.cites-castors.com\/index.php?rest_route=\/wp\/v2\/pages\/1743\/revisions\/1978"}],"wp:attachment":[{"href":"https:\/\/www.cites-castors.com\/index.php?rest_route=%2Fwp%2Fv2%2Fmedia&parent=1743"}],"curies":[{"name":"wp","href":"https:\/\/api.w.org\/{rel}","templated":true}]}}