{"id":1957,"date":"2019-10-27T23:23:21","date_gmt":"2019-10-27T22:23:21","guid":{"rendered":"https:\/\/www.cites-castors.com\/?post_type=product&#038;p=1957"},"modified":"2023-01-22T12:57:55","modified_gmt":"2023-01-22T11:57:55","slug":"les-clefs-de-la-ville-daniel-bancon","status":"publish","type":"product","link":"https:\/\/www.cites-castors.com\/?product=les-clefs-de-la-ville-daniel-bancon","title":{"rendered":"Les Clefs de la Ville &#8211; Daniel Bancon"},"content":{"rendered":"","protected":false},"excerpt":{"rendered":"<p style=\"text-align: justify;\">Les ann\u00e9es cinquante ont vu se d\u00e9rouler des \u00e9v\u00e9nements qui ont eu une grande importance sur le monde de cette fin de si\u00e8cle. La France \u00e9tait sous le r\u00e9gime de la IV\u00e8me R\u00e9publique, celle des compromis, des tergiversations et de l\u2019instabilit\u00e9 gouvernementale. Elle avait encore beaucoup \u00e0 faire avec les s\u00e9quelles de la guerre et de l\u2019occupation : la reconstruction \u00e9tait loin d\u2019\u00eatre achev\u00e9e, la crise du logement battait son plein, l\u2019abb\u00e9 Pierre \u00e9tait d\u00e9j\u00e0 sur la br\u00e8che. On signalait \u00e7a et l\u00e0 des actes de corruption ordinaire, mais pas aussi importants ni aussi nombreux qu\u2019aujourd\u2019hui. Il est vrai que l\u2019information ne circulait pas encore \u00e0 grande vitesse.<br \/>\nAu regard de toute cette grandiose agitation, la crise que v\u00e9cut la petite bourgade de R\u00e9migeac peut para\u00eetre d\u2019un int\u00e9r\u00eat mince. Ce serait alors laisser les \u00ab\u00a0clefs de la ville\u00a0\u00bb \u00e0 la disposition des affairistes, des gens peu scrupuleux avides de pouvoir et des sectaires born\u00e9s.<br \/>\nDes jeunes gens, rescap\u00e9s des camps de prisonniers, du S.T.O. et de quatre ann\u00e9es d\u2019occupation, apr\u00e8s\u00a0 avoir r\u00e9solu pour eux-m\u00eames le probl\u00e8me du logement, s\u2019\u00e9taient mis dans la t\u00eate qu\u2019ils pouvaient s\u2019engager dans la vie politique.<br \/>\nDure exp\u00e9rience ! qui les conduira \u00e0 entrer en conflit avec leur maire \u00e0 cause des exigences de leur morale. Leur engagement pour la justice sociale en fid\u00e9lit\u00e9 \u00e0 leurs Evangiles provoquera une lev\u00e9e de boucliers de la part des bien-pensants. L\u2019affaire semble mal se terminer pour ces jeunes de l\u2019Action Catholique Ouvri\u00e8re\u2026<br \/>\nMais ne faut-il pas que le grain meure pour donner la vie ?<\/p>\n<p style=\"text-align: justify;\"><img loading=\"lazy\" class=\"size-full wp-image-1931 alignleft\" src=\"http:\/\/www.cites-castors.com\/wp-content\/uploads\/2019\/10\/DANIEL-BANCON-1950.jpg\" alt=\"\" width=\"94\" height=\"164\" srcset=\"https:\/\/www.cites-castors.com\/wp-content\/uploads\/2019\/10\/DANIEL-BANCON-1950.jpg 94w, https:\/\/www.cites-castors.com\/wp-content\/uploads\/2019\/10\/DANIEL-BANCON-1950-1x2.jpg 1w\" sizes=\"(max-width: 94px) 100vw, 94px\" \/><\/p>\n<h4 style=\"text-align: justify;\">Daniel Bancon<\/h4>\n<p style=\"text-align: justify;\">Pur produit de l\u2019\u00e9cole la\u00efque, fut d\u2019abord apprenti tourneur puis r\u00e9quisitionn\u00e9 pour le STO pendant la 2\u00e8me guerre mondiale. Permanent syndical, il a enseign\u00e9 son m\u00e9tier dans un coll\u00e8ge technique.<br \/>\nL\u2019aventure des Castors le convertit au b\u00e2timent o\u00f9 il acheva sa carri\u00e8re en 1981 comme ing\u00e9nieur en g\u00e9nie civil Comme beaucoup de Castors, apr\u00e8s avoir \u00e9t\u00e9 log\u00e9s, Daniel Bancon s\u2019est engag\u00e9 dans de nombreuses activit\u00e9s sociales, politiques, syndicales\u2026<\/p>\n<p style=\"text-align: justify;\">Avec ce roman \u00ab\u00a0\u00e0 clefs\u00a0\u00bb, il met en sc\u00e8ne l\u2019\u00e9volution des moeurs politiques et sociales dans une petite ville de la banlieue des ann\u00e9es 50.<\/p>\n","protected":false},"featured_media":1908,"template":"","meta":[],"product_cat":[26],"product_tag":[],"_links":{"self":[{"href":"https:\/\/www.cites-castors.com\/index.php?rest_route=\/wp\/v2\/product\/1957"}],"collection":[{"href":"https:\/\/www.cites-castors.com\/index.php?rest_route=\/wp\/v2\/product"}],"about":[{"href":"https:\/\/www.cites-castors.com\/index.php?rest_route=\/wp\/v2\/types\/product"}],"wp:featuredmedia":[{"embeddable":true,"href":"https:\/\/www.cites-castors.com\/index.php?rest_route=\/wp\/v2\/media\/1908"}],"wp:attachment":[{"href":"https:\/\/www.cites-castors.com\/index.php?rest_route=%2Fwp%2Fv2%2Fmedia&parent=1957"}],"wp:term":[{"taxonomy":"product_cat","embeddable":true,"href":"https:\/\/www.cites-castors.com\/index.php?rest_route=%2Fwp%2Fv2%2Fproduct_cat&post=1957"},{"taxonomy":"product_tag","embeddable":true,"href":"https:\/\/www.cites-castors.com\/index.php?rest_route=%2Fwp%2Fv2%2Fproduct_tag&post=1957"}],"curies":[{"name":"wp","href":"https:\/\/api.w.org\/{rel}","templated":true}]}}