{"id":1985,"date":"2019-10-28T10:02:58","date_gmt":"2019-10-28T09:02:58","guid":{"rendered":"https:\/\/www.cites-castors.com\/?post_type=product&#038;p=1985"},"modified":"2021-11-03T18:14:40","modified_gmt":"2021-11-03T17:14:40","slug":"un-village-dans-la-ville-claire-cite-charles-richard","status":"publish","type":"product","link":"https:\/\/www.cites-castors.com\/?product=un-village-dans-la-ville-claire-cite-charles-richard","title":{"rendered":"Un Village dans la Ville (Claire Cit\u00e9) Charles Richard"},"content":{"rendered":"","protected":false},"excerpt":{"rendered":"<h4>Histoire d&rsquo;une Cit\u00e9 construite par les habitants eux-m\u00eames &#8211; les Castors de Rez\u00e9<\/h4>\n<p style=\"text-align: justify;\">Le r\u00e9cit de Charles Richard refl\u00e8te le courage, la volont\u00e9 d&rsquo;un homme et de tout un groupe qui ont su construire le toit sous lequel leurs familles pouvaient s&rsquo;\u00e9panouir. Ce grand\u00a0 chantier de Claire Cit\u00e9 parfaitement r\u00e9ussi, ces militants auraient pu s&rsquo;arr\u00eater. Non. Ils savaient que, dans ce d\u00e9partement, beaucoup de familles modestes pourraient b\u00e9n\u00e9ficier de cette exp\u00e9rience et, c&rsquo;est pour cette raison qu&rsquo;ils continu\u00e8rent, transmettant leur savoir faire.<\/p>\n<h4><img loading=\"lazy\" class=\"size-full wp-image-1988 alignleft\" src=\"https:\/\/www.cites-castors.com\/wp-content\/uploads\/2019\/10\/Charles-Richard.jpg\" alt=\"\" width=\"85\" height=\"142\" \/>Charles Richard<\/h4>\n<p style=\"text-align: justify;\">Etait un homme conviction, d\u00e9sint\u00e9ress\u00e9 et soucieux des int\u00e9r\u00eats financiers des soci\u00e9taires. Promoteur social, il eut pour seul objectif de construire des logements de qualit\u00e9 afin que les familles b\u00e9n\u00e9ficiaires connaissent un bon \u00e9quilibre de vie.<br \/>\nDans un environnement difficile, la projection dans le temps de cette r\u00e9alisation a permis \u00e0 de nombreux salari\u00e9s de r\u00e9aliser leur r\u00eave.<br \/>\nLa politique du logement \u00e0 l&rsquo;\u00e9chelle de notre pays nous a malheureusement oblig\u00e9 de cesser la formule innovante que l&rsquo;auteur de cet ouvrage avait remarquablement mis en oeuvre.<br \/>\nPour lui le mot coop\u00e9ratif \u00e9tait porteur d&rsquo;une r\u00e9ussite collective. F\u00e9licitons-nous aujourd&rsquo;hui, puisque les textes l\u00e9gislatifs le permettent \u00e0 nouveau, que le groupe CIF ait redonn\u00e9 une activit\u00e9 de construction au Comit\u00e9 Ouvrier du Logement, partie prenante du mouvement HLM gr\u00e2ce \u00e0 \u00ab\u00a0Cit\u00e9 Claire\u00a0\u00bb, cet ensemble au si joli nom et au contexte transform\u00e9 qu&rsquo;elle a permis, sortiront encore de terre des logements permettant aux hommes et aux femmes, dans l&rsquo;esprit de ses fondateurs, de s&rsquo;\u00e9panouir en acc\u00e9dant \u00e0 la propri\u00e9t\u00e9 dans les meilleures conditions.<\/p>\n<p style=\"text-align: right;\">Guy Br\u00e9e &#8211; Pr\u00e9sident d&rsquo;honneur du COL &#8211; 1996<\/p>\n","protected":false},"featured_media":1986,"template":"","meta":[],"product_cat":[28],"product_tag":[],"_links":{"self":[{"href":"https:\/\/www.cites-castors.com\/index.php?rest_route=\/wp\/v2\/product\/1985"}],"collection":[{"href":"https:\/\/www.cites-castors.com\/index.php?rest_route=\/wp\/v2\/product"}],"about":[{"href":"https:\/\/www.cites-castors.com\/index.php?rest_route=\/wp\/v2\/types\/product"}],"wp:featuredmedia":[{"embeddable":true,"href":"https:\/\/www.cites-castors.com\/index.php?rest_route=\/wp\/v2\/media\/1986"}],"wp:attachment":[{"href":"https:\/\/www.cites-castors.com\/index.php?rest_route=%2Fwp%2Fv2%2Fmedia&parent=1985"}],"wp:term":[{"taxonomy":"product_cat","embeddable":true,"href":"https:\/\/www.cites-castors.com\/index.php?rest_route=%2Fwp%2Fv2%2Fproduct_cat&post=1985"},{"taxonomy":"product_tag","embeddable":true,"href":"https:\/\/www.cites-castors.com\/index.php?rest_route=%2Fwp%2Fv2%2Fproduct_tag&post=1985"}],"curies":[{"name":"wp","href":"https:\/\/api.w.org\/{rel}","templated":true}]}}