{"id":1999,"date":"2019-10-28T11:34:37","date_gmt":"2019-10-28T10:34:37","guid":{"rendered":"https:\/\/www.cites-castors.com\/?post_type=product&#038;p=1999"},"modified":"2025-08-05T16:45:25","modified_gmt":"2025-08-05T14:45:25","slug":"lutopie-de-pessac-jean-marie-bertineau","status":"publish","type":"product","link":"https:\/\/www.cites-castors.com\/?product=lutopie-de-pessac-jean-marie-bertineau","title":{"rendered":"L&rsquo;Utopie de Pessac &#8211; Jean-Marie Bertineau"},"content":{"rendered":"","protected":false},"excerpt":{"rendered":"<p style=\"text-align: justify;\">Et 1948, au lendemain de la deuxi\u00e8me\u00a0 guerre mondiale, 150 jeunes ouvriers d\u00e9cident de construire de leurs propres mains une Cit\u00e9 pour \u00e9chapper \u00e0 la crise du logement.<br \/>\nApr\u00e8s trois ans de travaux, la Cit\u00e9 des Castors voit le jour \u00e0 Pessac, dans la banlieue bordelaise. Ce sera la premi\u00e8re Cit\u00e9 de ce type en France. Pr\u00e8s de 600 Cit\u00e9s verront par la suite le jour en France jusqu&rsquo;au d\u00e9but des ann\u00e9es soixante, avec des succ\u00e8s divers, puis le mouvement s&rsquo;essouffle&#8230; De cette \u00e9poque, il nous reste le r\u00e9cit des hommes qui particip\u00e8rent au projet pionnier des Castors de Pessac.<br \/>\nLeurs paroles trouvent un \u00e9cho dans les archives film\u00e9es par l&rsquo;un d&rsquo;eux qui immortalisa le chantier et l&rsquo;engagement des b\u00e2tisseurs entre 1948 et 1953.<br \/>\nCe film s&rsquo;interrogera sur ce qui a rendu possible cette utopie d&rsquo;une Cit\u00e9 construite par ses futurs habitants, et en quoi elle nous \u00e9claire aujourd&rsquo;hui sur la toujours actuelle crise du logement.<\/p>\n<h4><img loading=\"lazy\" class=\"size-full wp-image-2001 alignleft\" src=\"https:\/\/www.cites-castors.com\/wp-content\/uploads\/2019\/10\/Jean-Marie-Bertineau.jpg\" alt=\"\" width=\"85\" height=\"142\" \/><\/h4>\n<h4><\/h4>\n<h4>Jean-Marie Bertineau<\/h4>\n<div style=\"text-align: justify;\">Producteur et r\u00e9alisateur. &#8211; Dirige la soci\u00e9t\u00e9 de production audiovisuelle Zangra productions, cr\u00e9\u00e9e \u00e0 Bordeaux en septembre 1993.<\/div>\n<div style=\"text-align: justify;\">Il est r\u00e9alisateur de nombreux films documentaires.<\/div>\n<table>\n<tbody>\n<tr>\n<td><\/td>\n<\/tr>\n<\/tbody>\n<\/table>\n<p>&nbsp;<\/p>\n","protected":false},"featured_media":2000,"template":"","meta":[],"product_cat":[27],"product_tag":[],"_links":{"self":[{"href":"https:\/\/www.cites-castors.com\/index.php?rest_route=\/wp\/v2\/product\/1999"}],"collection":[{"href":"https:\/\/www.cites-castors.com\/index.php?rest_route=\/wp\/v2\/product"}],"about":[{"href":"https:\/\/www.cites-castors.com\/index.php?rest_route=\/wp\/v2\/types\/product"}],"wp:featuredmedia":[{"embeddable":true,"href":"https:\/\/www.cites-castors.com\/index.php?rest_route=\/wp\/v2\/media\/2000"}],"wp:attachment":[{"href":"https:\/\/www.cites-castors.com\/index.php?rest_route=%2Fwp%2Fv2%2Fmedia&parent=1999"}],"wp:term":[{"taxonomy":"product_cat","embeddable":true,"href":"https:\/\/www.cites-castors.com\/index.php?rest_route=%2Fwp%2Fv2%2Fproduct_cat&post=1999"},{"taxonomy":"product_tag","embeddable":true,"href":"https:\/\/www.cites-castors.com\/index.php?rest_route=%2Fwp%2Fv2%2Fproduct_tag&post=1999"}],"curies":[{"name":"wp","href":"https:\/\/api.w.org\/{rel}","templated":true}]}}