{"id":6291,"date":"2025-08-05T15:47:32","date_gmt":"2025-08-05T13:47:32","guid":{"rendered":"https:\/\/www.cites-castors.com\/?post_type=product&#038;p=6291"},"modified":"2025-08-05T16:21:43","modified_gmt":"2025-08-05T14:21:43","slug":"castors-lesneviens","status":"publish","type":"product","link":"https:\/\/www.cites-castors.com\/?product=castors-lesneviens","title":{"rendered":"Castors Lesneviens &#8211; Yohann Guiavarc&rsquo;h &#038; l&rsquo;association des Castors de Lesneven"},"content":{"rendered":"","protected":false},"excerpt":{"rendered":"<p><strong>Tous pour chacun et chacun pour tous<\/strong><\/p>\n<p style=\"text-align: justify;\">Au sortir de la guerre, en 1945, la crise du logement est pr\u00e9gnante.<br \/>\nA Lesneven, 96 familes d\u00e9cident de construire ensemble leur maison.<br \/>\nAu del\u00e0 des ann\u00e9es de labeur sur le chantier, cet ouvrage retrace la vie des Cit\u00e9s, la solidarit\u00e9, mais \u00e9galement la vie hors les murs. D\u00e9marche historique autant que travail de m\u00e9moire, 70 ans plus tard, voici leur \u00e9pop\u00e9e.<\/p>\n<p style=\"text-align: justify;\">Ce livre est le fruit d&rsquo;un travail collectif, regroupant de nombreux t\u00e9moignages et souvenirs d&rsquo;enfance, pour que vive la m\u00e9moires des Castors de Lesneven.<\/p>\n<p><img loading=\"lazy\" class=\"size-thumbnail wp-image-1975 alignleft\" src=\"https:\/\/www.cites-castors.com\/wp-content\/uploads\/2019\/10\/YOHANN-GUIAVARCH-94x150.jpg\" alt=\"\" width=\"94\" height=\"150\" \/><\/p>\n<h4>Yohann Guiavarc&rsquo;h<\/h4>\n<p style=\"text-align: justify;\">Petit-fils de Castors de Lesneven, Yohann Guiavarc&rsquo;h est enseignant, historien et conf\u00e9rencier. Il a \u00e9tudi\u00e9 le d\u00e9veloppement du mouvement Castors en Bretagne et tout particuli\u00e8rement dans le Finist\u00e8re.<br \/>\nIl a particip\u00e9 \u00e0 la r\u00e9alisation de cet ouvrage.<br \/>\nIl participe \u00e9galement au recensement des Cit\u00e9s Castors en France.<\/p>\n","protected":false},"featured_media":6292,"template":"","meta":[],"product_cat":[26],"product_tag":[],"_links":{"self":[{"href":"https:\/\/www.cites-castors.com\/index.php?rest_route=\/wp\/v2\/product\/6291"}],"collection":[{"href":"https:\/\/www.cites-castors.com\/index.php?rest_route=\/wp\/v2\/product"}],"about":[{"href":"https:\/\/www.cites-castors.com\/index.php?rest_route=\/wp\/v2\/types\/product"}],"wp:featuredmedia":[{"embeddable":true,"href":"https:\/\/www.cites-castors.com\/index.php?rest_route=\/wp\/v2\/media\/6292"}],"wp:attachment":[{"href":"https:\/\/www.cites-castors.com\/index.php?rest_route=%2Fwp%2Fv2%2Fmedia&parent=6291"}],"wp:term":[{"taxonomy":"product_cat","embeddable":true,"href":"https:\/\/www.cites-castors.com\/index.php?rest_route=%2Fwp%2Fv2%2Fproduct_cat&post=6291"},{"taxonomy":"product_tag","embeddable":true,"href":"https:\/\/www.cites-castors.com\/index.php?rest_route=%2Fwp%2Fv2%2Fproduct_tag&post=6291"}],"curies":[{"name":"wp","href":"https:\/\/api.w.org\/{rel}","templated":true}]}}